4 = y. What is the remainder when y is divided by 12?
11
Calculate the remainder when 2/11 + 2733/33 is divided by 12.
11
Suppose -7*a + 2*a = -10. Suppose -74 = -4*h + 2*x, 2*x = a*h - 5*h + 66. What is the remainder when 38 is divided by h?
18
Let z(b) = 2*b**3 - 2*b**2 - 4*b + 2. Calculate the remainder when z(4) is divided by 21.
19
Suppose 0 = 2*n - 25 - 17. Let y be (0 + 0)/(1 - 2). Suppose -14 = 3*x - 5, y = 2*g - 4*x - 34. What is the remainder when n is divided by g?
10
Let d = 30 - 13. What is the remainder when ((-28)/8)/((-1)/14) is divided by d?
15
Suppose 2*j - 5*r = 25, 0 = -3*j + 2*r + 33 + 21. Let o = j + -14. Suppose -o*z + z + 13 = 3*g, -2*z = 4*g - 8. What is the remainder when 7 is divided by z?
1
Let f be 9 + (-6)/1 + 3. Let g(u) = -u**3 + 7*u**2 - 3*u - 2. Calculate the remainder when 31 is divided by g(f).
15
Let h = 6 + -4. Let y(o) = -o**2 + 3*o**h - o**3 + 11 - o**2. Calculate the remainder when 20 is divided by y(0).
9
Let q(u) = u**3 - 8*u**2 + 2*u + 6. Let h = -3 - -5. Let r = h + 6. What is the remainder when q(8) is divided by r?
6
Let u(n) = -n. Let p be u(-3). Suppose -4*x - x + 122 = -d, 69 = p*x - 2*d. What is the remainder when x is divided by 13?
12
Let p(j) = -3*j - 8. What is the remainder when 33 is divided by p(-5)?
5
Let j(k) = k**3 + 8*k**2 + k + 10. Let t be j(-8). Suppose -a = -t*v + 22, v - 39 = -3*a - 14. Calculate the remainder when v is divided by 6.
1
Let d = 1 - 5. Calculate the remainder when 11 is divided by (-3)/d + (-27)/(-12).
2
Let q = 18 - 8. What is the remainder when q is divided by 2?
0
Let f be 4*(-1)/(-1)*1. Let t(g) = 2*g - 2. What is the remainder when t(f) is divided by 2?
0
Suppose 0 = -2*w + 4*a - 50, -5*a - 10 = -4*w - 122. Let b = w + 50. Calculate the remainder when 49 is divided by b.
15
Let a(p) = -p**3 + 6*p**2 - 6*p + 5. Let u be a(4). Let t = 18 - u. Calculate the remainder when 13 is divided by t.
3
Suppose -2*j + 5*q - 3 = 0, j - 4*j - 3*q - 36 = 0. Let r(l) = l**3 + 9*l**2 + l + 12. Calculate the remainder when r(j) is divided by 2.
1
Let j be 0/(-2) + -1 - -3. What is the remainder when (j + 11)/(-1 - -2) is divided by 2 + (-12)/4 + 6?
3
Let i be (8/(-10))/((-4)/10). Let q(y) = 22*y - 1. Let t be q(i). Suppose -t = -3*j - 2*u, 4*u + 47 = 3*j + 2*u. What is the remainder when 43 is divided by j?
13
Suppose 3*u + 3*x - 12 = 0, u + 10 = 3*x - 2. Suppose 0 = 5*c - 15 - u. Let z = c - 1. What is the remainder when 4 is divided by z?
0
Let o = 51 - 25. Calculate the remainder when o is divided by 7.
5
Suppose 120 = 3*c + 5*j, -3*c - 2*c - 5*j = -200. What is the remainder when c is divided by 11?
7
Let m = -17 + 21. Let w(y) = 7*y + 4. Suppose -2*d - t = -19, 4*t + 42 = 3*d + t. Calculate the remainder when w(m) is divided by d.
10
Let y = 6 + -10. Let r be y/(-4)*(2 + 1). What is the remainder when 46 is divided by (-8)/(r/(-6) - 0)?
14
Let a(c) = -27*c - 1. Let z be a(-1). Let y = z - 14. Calculate the remainder when 57 is divided by y.
9
Suppose -5*z + 4 + 16 = 0. Suppose -2*c + 18 = -5*c. Let s(x) = x**2 + 6*x + 3. Calculate the remainder when z is divided by s(c).
1
Let z = 16 + 26. Let p(s) = -6*s - 50. What is the remainder when z is divided by p(-12)?
20
Let i(a) = -a**3 + 7*a**2 + 10*a - 5. What is the remainder when 29 is divided by i(8)?
7
Suppose 5*q = -2*y + 229, 0 = -y + 3*q - 62 + 193. What is the remainder when y is divided by 41?
40
Let f = -4 - 8. Calculate the remainder when (-519)/f - 3/12 is divided by 22.
21
Let x(n) = 2*n**2 + 8*n + 1. Calculate the remainder when x(-6) is divided by (-7)/((-1)/(-2) + -1).
11
Let l = 5 + -3. Suppose 12 = l*o - 48. Calculate the remainder when o is divided by 16.
14
Let r = 7 + -3. Suppose -r*v = -2*c + 28, 5*v - 12 - 13 = -5*c. Let x = -3 + 18. What is the remainder when x is divided by c?
7
Suppose 4*a - 5*s - 163 = 54, 0 = -5*a + 3*s + 268. Let h be (-2 + (-3)/(-6))*174. What is the remainder when a is divided by h/(-15) - (-9)/15?
17
Suppose 3*y - 41 = -14. What is the remainder when y is divided by 5?
4
Let c = 17 - 11. What is the remainder when 28 is divided by c?
4
Suppose -v = 5 - 7. Suppose v*r - 23 = 3*h, 4*r + 0*h = h + 61. What is the remainder when 31 is divided by r?
15
Suppose y - 4*y + 83 = 2*u, 0 = -y + 5. Calculate the remainder when u is divided by 10.
4
Let v = 6 - 31. What is the remainder when 3 is divided by (-10)/v*(4 - -1)?
1
Suppose -5*z - 44 = 16. What is the remainder when ((-18)/4)/(2/z) is divided by 14?
13
What is the remainder when (3 - (-162)/(-4))/((-8)/16) is divided by 27?
21
Let j(u) = u**3 - 8*u**2 - 9*u + 4. Let y be j(9). Suppose -y*p = -7*p - 75. Let f = p + 50. Calculate the remainder when f is divided by 9.
7
Let k(v) = -v**2 + 11*v - 8. Calculate the remainder when 28 is divided by k(9).
8
Suppose -66*v + 70*v = 36. Calculate the remainder when 22 is divided by v.
4
Suppose r - 7*r = -108. Calculate the remainder when 89 is divided by r.
17
Suppose -4 - 164 = -4*g. What is the remainder when g is divided by 12?
6
Suppose 4*d - 65 = -17. Let w be ((-8)/3)/((-2)/d). Let r = w + 33. What is the remainder when r is divided by 17?
15
Suppose 0 = 4*m + r - 258, 4*m + 2*r = -r + 262. Let l(f) = 2*f**2 + 6*f + 3. What is the remainder when m is divided by l(-4)?
9
Let o = -1 - -3. Let s(p) = p + 2. Calculate the remainder when s(3) is divided by o.
1
Let x = -90 - -253. Calculate the remainder when x is divided by 15.
13
Let a(u) = -u**3 + 6*u**2 + 5*u - 1. What is the remainder when a(4) is divided by 13?
12
Let h = 25 - 117. Let r be (h/(-8))/(1/4). Suppose 5*f - 28 = -5*g + 87, -2*f = 4*g - r. Calculate the remainder when f is divided by 13.
10
Let o(n) = n + 51 - 51. What is the remainder when o(3) is divided by (-2)/(-6) - (-6)/9?
0
Let c = -36 + 54. Calculate the remainder when 3*2*(-34)/(-6) is divided by c.
16
Suppose 14 = -5*f + 119. What is the remainder when 39 is divided by f?
18
Suppose 8 - 33 = -5*w. Suppose 0 = b - w*v - 24, 0*b + 26 = 2*b + v. Calculate the remainder when 39 is divided by b.
11
Suppose 0 = -3*k - 7*k + 190. What is the remainder when k is divided by 8?
3
Calculate the remainder when 52 is divided by (-25 - -4)*((-4)/(-6) - 1).
3
Let a(i) = i**2 - 6*i - 3. Let o(w) = w**3 + w**2 - 1. Let f be o(1). Let r(v) = 25*v**3 - v**2. Calculate the remainder when r(f) is divided by a(-2).
11
Let g(z) = -2*z - 13. Let x be g(-9). Suppose 5*r - n = -x*n + 122, 0 = 2*r + n - 50. Calculate the remainder when r is divided by 7.
5
Suppose w = -3*w + 40. Calculate the remainder when 19 is divided by w.
9
Suppose 0 = -13*i + 14*i - 13. Calculate the remainder when 154 is divided by i.
11
Suppose 3*h + 3*f = 30, -h - 3*f + 2 = -0*h. What is the remainder when h is divided by (-5 + 5 - -4)*2?
6
Let m = 103 - -139. What is the remainder when m is divided by 35?
32
Calculate the remainder when 10/(-3)*-4*9/6 is divided by 12.
8
Calculate the remainder when ((-22)/3)/(11/(-99)) is divided by 18.
12
Let f(n) = -2*n - 3. Calculate the remainder when f(-11) is divided by 5.
4
Let l = -3 - -15. Calculate the remainder when 47 is divided by l.
11
Suppose 0 = -4*h - l + 508, 5*h + 4*l = l + 635. Let m = 180 - h. What is the remainder when m is divided by 18?
17
Let g(a) = -a**2 + 3. Let y be g(0). Suppose -y*l - 30 = -5*l. Calculate the remainder when l is divided by 8/(-3)*(-5 + 2).
7
Let v(b) be the second derivative of b**5/20 + b**4/12 - 7*b**2/2 + b. Let d be v(0). What is the remainder when 23 is divided by ((-12)/7)/(1/d)?
11
What is the remainder when 53 is divided by (-4)/(16/(-36)) + 0?
8
Let u = 37 + -18. Calculate the remainder when u is divided by 7.
5
Let i = 8 - -25. What is the remainder when i is divided by 17?
16
Suppose -12 = -h - 2. Suppose 26 = 4*f + x - 0*x, 5*x = h. Let n = 51 + -34. Calculate the remainder when n is divided by f.
5
Let d = 84 - 25. Calculate the remainder when d is divided by 20.
19
Let q = 40 - 25. What is the remainder when 27 is divided by q?
12
Suppose 0 = 3*a + 6, -3*i - 2*a - a + 75 = 0. Let k = 22 - 15. What is the remainder when i is divided by k?
6
Suppose 0 = -6*t + 3*t. Suppose 2*c - 35 = 5*s - 7, t = -3*c - 2*s + 23. What is the remainder when c is divided by 4?
1
Let o(j) = -7*j**3 + j + 1. What is the remainder when 